 Let h = j - 12. Let b(o) = -2*o**3 - o. What is b(h)?
3
Let j be (0 + -1)/(2/6). Let q be (-7)/j - (-2)/(-6). Let y(w) = 3*w + q*w - 6*w. Give y(1).
-1
Let t(q) = -q**3 - 3*q**2 - q + 1. Let z(b) = b - 2*b - 2 - 4. Let c be 51/(-15) + (-4)/(-10). Let i be z(c). Determine t(i).
4
Let p be (2/(-6))/(5/(-30)). Let x(n) = 3*n**2 - 3*n. Calculate x(p).
6
Let z(m) be the second derivative of m**3/6 + m**2 - 2*m. Let p = 51 + -46. Calculate z(p).
7
Let l(z) = -z**2 - 6*z + 2. Let f = -45 - -40. Calculate l(f).
7
Let g(p) = -p**2 + 3*p + 1. Let k = 2 - -1. Suppose -2*t = 6, k*q + t - 3 = -0*t. Calculate g(q).
3
Let t(u) be the second derivative of -u**3/6 - u**2 + u. Let d(o) = o + 2. Let q be d(-8). Determine t(q).
4
Let b(o) be the second derivative of -3*o - 1/6*o**3 - 1/20*o**5 + 0 - 1/2*o**2 - 1/12*o**4. Determine b(0).
-1
Suppose -2*n = 9 + 17. Let p = n - -8. Let x(o) = -3*o - 7. Give x(p).
8
Suppose -a = -3*a + 4. Suppose 0*f = -a*f. Let s(w) be the third derivative of -w**5/60 - w**4/24 + 5*w**3/6 + w**2. What is s(f)?
5
Let b(m) = m + 5. Let j(g) = 3*g + 11. Let c(y) = -10*b(y) + 4*j(y). What is c(4)?
2
Let l(u) = -4*u**3 - 4*u**2 + 2*u + 2. Let k(n) = 16*n - 5*n**2 - 5*n**3 + 3 - 7*n - 6*n. Let f(m) = -2*k(m) + 3*l(m). Determine f(-2).
8
Suppose v = -2*y - 6, -5*y + 2*y = -5*v + 9. Let x(o) = o**2 + o - 5. Give x(v).
-5
Let j(q) = q**2 - 2*q. Let x be 0/(3/3*-1). Suppose x = -5*h - 2*d + 2, 5*h - 10 - 12 = 3*d. Calculate j(h).
0
Suppose 5*j + 6 - 1 = 0, -5*v + 25 = -5*j. Let q be ((-6)/4)/(1/v). Let h = q - -9. Let u(p) = p**3 - 2*p**2 - 2*p + 1. Give u(h).
4
Let w be (2*-2*1)/(-1). Suppose -u + 4 = -0. Let i(x) = x**2 + 0 - u*x - 3 - 1. Calculate i(w).
-4
Let f(u) = u - 3. Let o be (-2)/(-6) - 6/18. Suppose -5*c - 2*q = -11 - 9, o = -c - 5*q + 4. Suppose -4*b + 20 = x, -10 = -3*x + c*b - 30. What is f(x)?
-3
Let j(d) = 5*d**2 - 3*d**2 - 5 + 0*d**2 + d**3 + 3*d**2 - 4*d. Give j(-5).
15
Let n(t) = 2*t - t**2 - 4*t + 17 - 14. Let k(w) = 3*w**2 + 5*w - 7. Let p(m) = -2*k(m) - 5*n(m). Let c be (0 + 1)*(-3 - -2). What is p(c)?
-2
Let j(r) = 7 - 10*r + 22*r - 8*r - 5*r. Determine j(4).
3
Let u(d) = 2*d**3 + 4*d**2 + 2*d. Let x be u(-2). Let w = x + 1. Let b(f) be the third derivative of -f**4/8 - f**3/6 - 4*f**2. Calculate b(w).
8
Let f(t) = -t. Let o(g) = -2*g + 4*g + 2*g. Let c(p) = 2*f(p) + o(p). Suppose 0 = 2*a - 1 + 3. Calculate c(a).
-2
Suppose -24*b + 25*b = 0. Let q(h) = h + 6. Give q(b).
6
Let z(h) = h**3 - 30*h**2 + 3*h - 9 + 26*h**2 + 6. Let m be (-2)/8 - (-51)/12. Give z(m).
9
Let z(d) = -18*d + 13*d - 4 + 3. Give z(1).
-6
Let j be (11/2)/(3/(-12)). Let x be (-6)/33 + 106/j. Let q(l) = l**3. Let r(c) = -3*c**3 - 4*c**2 + 6*c + 5. Let t(a) = 2*q(a) + r(a). What is t(x)?
0
Let f(o) = o + 5. Let d(b) = 24 + 2*b + 2 + 4*b. Let y(v) = 2*d(v) - 11*f(v). What is y(-5)?
-8
Let t(b) = b**3 - 6*b**2 + b - 4. Let n be t(6). Let y(d) = d + 3*d**2 - n - 2*d**2 + 0*d + 3*d**3 + 1. Calculate y(1).
4
Suppose -5 = -3*n - 2. Let m(s) = 5*s - 1. Give m(n).
4
Let r(x) be the first derivative of 2*x**3/3 - x**2/2 - 2*x + 6. Determine r(2).
4
Let i = 18 + -23. Let k(n) = 2*n**2 - n**2 - 6 + 11*n - 7*n. What is k(i)?
-1
Suppose -3*d = -5 + 20. Let v(g) be the first derivative of -g**2/2 + 6*g + 3. Calculate v(d).
11
Let h(u) = 3*u**2 - 7*u + 10. Let t(j) = -10*j**2 + 11*j - 21. Let o(y) = -y**2 - 1. Let c(a) = 6*o(a) - t(a). Let n(k) = 5*c(k) - 7*h(k). Determine n(-6).
5
Let b = -10 - -15. Suppose 23 = 3*o + 3*h - 1, 35 = 4*o + b*h. Let d(w) = w**3 - 4*w**2 - 6*w + 5. What is d(o)?
0
Suppose 2*o = 4, -2*a - 14 = -3*o - 2. Let j(h) = -2*h - 6. Let f(n) = -6*n - 19. Let m(d) = -2*f(d) + 7*j(d). Determine m(a).
2
Let m be ((-2)/(-2))/((-2)/(-16)). Suppose -4*c - m = -2*c. Let k(g) = -g - 5. Give k(c).
-1
Suppose 2*g = 5*j - 3, 3*g = j + 2 - 0. Let h(f) = f**2 - f + 2. Let t(v) = 2*v**2 - 2*v + 3. Let z(i) = 4*h(i) - 3*t(i). Give z(g).
-1
Let m(i) = i**2 + 20*i - 45. Let p be m(-22). Let h(r) = 9*r. Determine h(p).
-9
Suppose -2*l + 0 = -6. Let p(q) = 0*q**2 - q**l + 6*q**2 - 1 + 2 - 4*q**2. Suppose -r + 5*g - 19 = r, -4*r + 2*g = -2. What is p(r)?
-8
Let v be ((-12)/18)/(2/(-6)). Let o(x) = -x**3 - v*x - 2 + x - 5*x**2 + 1. Let n be o(-5). Let j(b) = b**3 - 3*b**2 - 3*b + 5. Determine j(n).
9
Let x(a) be the first derivative of 2*a**2 + 9*a - 5. Give x(-7).
-19
Let z(y) = y**3 - 2*y**2 - y. Let c(m) = 3*m**3 - 2*m**2 + 1. Let b be c(1). Suppose v + 3*t + 9 = 0, -2 = -3*v - b*t - 1. Calculate z(v).
6
Let a(s) be the first derivative of -1 + 1/2*s**2 - 4*s. Calculate a(4).
0
Let d(h) = 3*h + 0*h + 3 - 6*h. Let m(v) = -v + 1. Let r(i) = 45*i - 45. Let t(u) = -36*m(u) - r(u). Let n(z) = -17*d(z) + 6*t(z). Give n(2).
-3
Let f(u) = -u**2 + 0*u + 2*u**3 - u - u**3 - 1. Suppose -2*z + 2 - 1 = 3*j, -3*j = -z + 5. Calculate f(z).
1
Let x = -3 - -6. Suppose 0 = -5*h + z + 26, 2*h + h - 6 = x*z. Let o = -4 + h. Let w(p) = -p**2 - 2*p. What is w(o)?
-8
Let j(t) = 8*t - 4. Let b = 30 - 27. Determine j(b).
20
Let l(k) = -2*k**2 + 0*k**2 + 4*k**2 - 4*k**2 + 2. Suppose v + 7 = -0*v. Let y = v + 5. Determine l(y).
-6
Let b = 4 - 6. Let c be 1/(b - 5/(-3)). Let h(o) = 2*o**2 + 2*o - 6. Let i(r) = -r**2 - r + 3. Let q(z) = -2*h(z) - 5*i(z). What is q(c)?
3
Let i = -5 + 4. Let a(r) = 28*r**2 + 13*r - 4. Let u be (-190)/(-25) - (-6)/(-10). Let m(z) = -9*z**2 - 4*z + 1. Let c(d) = u*m(d) + 2*a(d). What is c(i)?
-6
Let b(a) = -11*a**2 + a + 29. Let y(t) = 4*t**2 - 10. Let l(j) = 3*b(j) + 8*y(j). Let n be l(5). Let g(r) = r. Determine g(n).
-3
Let r(j) = -j**2 - j + 1. Let k(c) = 5*c**2 - 2*c - 5. Let o(g) = -k(g) - 4*r(g). Give o(5).
6
Let o(w) = w**3 + 4*w**2 - 2*w - 5. Let r be o(-4). Let f(c) be the second derivative of 0 + 5/6*c**r - 3/2*c**2 - 1/20*c**5 + 1/4*c**4 - 2*c. Give f(4).
1
Let w(h) = -h**3 + 6*h**2 - 6*h. Suppose -3*n + 8*n = 0. Suppose n*c + 11 = 3*q + c, c - 16 = -4*q. Determine w(q).
-5
Let h(b) = -b**3 + b**2 + 3*b. Let w(q) = q**2 + 4*q. Let i(d) = -3*h(d) + 2*w(d). Give i(-1).
-3
Let d(x) = x**2 + x - 2. Let h = 2 - -4. Let b be 2/h - 50/15. What is d(b)?
4
Let r(h) = -h**3 - 6*h**2 - h - 4. Let n be r(-6). Let a be n/1*(-5)/(-2). Suppose -a*q + 3*q + 8 = 0. Let g(u) = -u**3 + 4*u**2 + u + 5. Give g(q).
9
Let w be 40/7 + (-6)/(-21). Let q(z) = w*z + 1 + 6 - 6 - z**2. Give q(6).
1
Suppose -q = 2, 0 = -5*v + q - 0*q - 13. Let l = 3 + v. Let d(h) = 0*h**2 + l*h + 3*h - 5*h**2 + 4*h**2. Give d(4).
-4
Let g(x) = -x**2 + 6*x - 2. Suppose 11*i = 5*i + 36. Calculate g(i).
-2
Suppose 4 = -z - 2*b, 5*b - 2 = -3*z - 11. Let w be (3/2)/((-3)/(-4)). Suppose -w*o - 1 = o + z*c, -o + 3*c + 18 = 0. Let d(j) = 3*j - 3. What is d(o)?
6
Let b(z) = -z**3 + 10*z**2 + 8*z + 29. Let o be b(11). Let y(t) = -t**3 - 2*t**2 + 5*t + 1. Give y(o).
13
Let n = -39 - -37. Let y(c) = -c**3 - c**2 - 1. Calculate y(n).
3
Suppose -2*q = -10 + 4. Suppose 5 = -4*w + q*w. Let y(f) = f**3 + 4*f**2 - 3*f + 6. Give y(w).
-4
Let r(v) = v**2 - 3 + 6 - 1 + 4*v. Let b = -5 + 3. Let q = -6 - b. What is r(q)?
2
Let s be 0*(0 - 1 - 0). Let k(n) = -n**2 + 4*n + 1. Let i(z) = z**2 - 5*z. Suppose -15 + 35 = 4*x. Let u(g) = x*i(g) + 6*k(g). What is u(s)?
6
Let w be 1/(2/(-4) - -1). Let d(x) = 26*x**w - 11*x**2 - 10*x**2 + x. Determine d(-1).
4
Let p be (14/(-4))/((-2)/(-4)). Let v be (-14)/p + 1*3. Let i(s) = s**3 - 6*s**2 + 3*s. Calculate i(v).
-10
Let r(f) = -7*f + 9. Let j(c) = -13*c + 17. Let v(i) = 6*j(i) - 11*r(i). Give v(4).
-1
Suppose -4*z + 18 = 2*h, 0*z + z = 2. Let f = -1 + h. Suppose -5 = f*i + i. Let o(s) = -3*s**2 + 1. Determine o(i).
-2
Let v = -21 - -20. Let d(a) = -10*a**2 - 1. What is d(v)?
-11
Let x(n) = n + 1. Let q(i) = 2*i + 1. Let o(d) = d**2 + 4*d + 2 - 1 - 2. Let k be o(-2). Let m(r) = k*x(r) + 3*q(r). Determine m(4).
2
Let j be (-1 - 1*-2)*2. Let d(x) = -x**3 + 1 - 6 + 0*x**2 - 2*x**j + 3*x**2. Let a = 2 + -2. Calculate d(a).
-5
Suppose -5*d = -11 + 1, -5*d + 6 = 4*p. Let g(t) = 4*t - 1. Give g(p).
-5
Let k(i) = -i**3 - 5*i**2 - 4*i - 1. Let v(a) = a**2 - a - 3. Let l be v(3). Let n be 3/(-5) + (-13)/(-5). Suppose -3 = -n*t + l*t. Give k(t).
-7
Let t(b) = 23*b - 4 - 24*b + 3. Calculate t(-6).
5
Let f(h) be the first derivative of h**4/4 - 2*h**3 - 7*h**2/2 - 2*h - 2. Determine f(7).